9?
4
What is the thousands digit of 8421185133?
5
What is the ten millions digit of 1065814461?
6
What is the ten millions digit of 107215399?
0
What is the thousands digit of 1659111387?
1
What is the thousands digit of 1436981012?
1
What is the hundred millions digit of 3764307595?
7
What is the hundreds digit of 250930386?
3
What is the thousands digit of 13277717?
7
What is the thousands digit of 90913241?
3
What is the tens digit of 6260521317?
1
What is the thousands digit of 208727212?
7
What is the ten millions digit of 53688606?
5
What is the hundreds digit of 313799027?
0
What is the hundreds digit of 43407279?
2
What is the millions digit of 6481450?
6
What is the tens digit of 489860599?
9
What is the thousands digit of 18770561?
0
What is the units digit of 210927706?
6
What is the ten millions digit of 198837818?
9
What is the hundred millions digit of 642187161?
6
What is the hundreds digit of 196050078?
0
What is the hundreds digit of 1295762678?
6
What is the ten millions digit of 1548318547?
4
What is the ten millions digit of 62489780?
6
What is the tens digit of 204375537?
3
What is the hundred thousands digit of 897765590?
7
What is the ten thousands digit of 50285295?
8
What is the millions digit of 157025856?
7
What is the ten millions digit of 89012281?
8
What is the hundred thousands digit of 144814123?
8
What is the hundred millions digit of 1143147433?
1
What is the hundreds digit of 539638557?
5
What is the units digit of 352469123?
3
What is the units digit of 93428970?
0
What is the millions digit of 2986639071?
6
What is the hundred millions digit of 232140054?
2
What is the units digit of 105976754?
4
What is the units digit of 6052238541?
1
What is the ten thousands digit of 50225539?
2
What is the tens digit of 23145543?
4
What is the millions digit of 19403754?
9
What is the tens digit of 69812618?
1
What is the ten thousands digit of 74444923?
4
What is the ten millions digit of 37859750?
3
What is the hundreds digit of 266020532?
5
What is the thousands digit of 195311229?
1
What is the millions digit of 1522510219?
2
What is the ten millions digit of 127130339?
2
What is the ten millions digit of 276439287?
7
What is the tens digit of 160544115?
1
What is the hundred millions digit of 1490130099?
4
What is the millions digit of 483089329?
3
What is the units digit of 45016444?
4
What is the units digit of 32509834?
4
What is the hundred millions digit of 661366975?
6
What is the ten thousands digit of 2390685386?
8
What is the tens digit of 45361640?
4
What is the units digit of 2808995863?
3
What is the thousands digit of 41654757?
4
What is the thousands digit of 2948785034?
5
What is the ten millions digit of 136204938?
3
What is the hundred thousands digit of 243239797?
2
What is the hundred thousands digit of 101361635?
3
What is the hundred millions digit of 484602513?
4
What is the millions digit of 46023827?
6
What is the billions digit of 2352656575?
2
What is the ten millions digit of 73342833?
7
What is the ten thousands digit of 17581756?
8
What is the hundred millions digit of 549006491?
5
What is the ten thousands digit of 1011385953?
8
What is the hundreds digit of 2655885458?
4
What is the thousands digit of 442772753?
2
What is the units digit of 1234001894?
4
What is the units digit of 57772148?
8
What is the units digit of 21140432?
2
What is the ten thousands digit of 2624512854?
1
What is the ten millions digit of 662134618?
6
What is the units digit of 35591777?
7
What is the millions digit of 535217087?
5
What is the units digit of 19019006?
6
What is the millions digit of 261372548?
1
What is the hundreds digit of 35616475?
4
What is the millions digit of 21497646?
1
What is the ten thousands digit of 85790668?
9
What is the ten thousands digit of 126753029?
5
What is the ten thousands digit of 43601690?
0
What is the hundred millions digit of 1774294511?
7
What is the tens digit of 342834604?
0
What is the hundred thousands digit of 72280280?
2
What is the units digit of 1339962202?
2
What is the ten thousands digit of 5112302398?
0
What is the ten millions digit of 595628172?
9
What is the units digit of 1321055284?
4
What is the millions digit of 1246666058?
6
What is the ten millions digit of 19625345?
1
What is the hundred millions digit of 393933056?
3
What is the hundreds digit of 39353369?
3
What is the ten thousands digit of 18161225?
6
What is the tens digit of 17603927?
2
What is the tens digit of 218986166?
6
What is the tens digit of 237690923?
2
What is the millions digit of 49590922?
9
What is the units digit of 811088270?
0
What is the hundred thousands digit of 1267762092?
7
What is the thousands digit of 5363106?
3
What is the ten thousands digit of 57401763?
0
What is the hundred millions digit of 862095983?
8
What is the billions digit of 3696890822?
3
What is the ten millions digit of 209127735?
0
What is the ten thousands digit of 831632388?
3
What is the hundred thousands digit of 745463502?
4
What is the ten thousands digit of 3023639547?
3
What is the hundreds digit of 131568519?
5
What is the ten millions digit of 74698858?
7
What is the hundred thousands digit of 69138540?
1
What is the hundred millions digit of 100393739?
1
What is the hundred thousands digit of 286228523?
2
What is the millions digit of 3756658859?
6
What is the thousands digit of 459730908?
0
What is the ten millions digit of 1641490253?
4
What is the units digit of 10623995?
5
What is the ten thousands digit of 49898919?
9
What is the hundred thousands digit of 16764237?
7
What is the units digit of 22102835?
5
What is the ten millions digit of 56520341?
5
What is the thousands digit of 47324270?
4
What is the ten thousands digit of 343363792?
6
What is the ten millions digit of 31095652?
3
What is the hundred millions digit of 301330022?
3
What is the hundreds digit of 272388346?
3
What is the hundreds digit of 175234788?
7
What is the hundreds digit of 245804718?
7
What is the thousands digit of 54611989?
1
What is the thousands digit of 996480456?
0
What is the tens digit of 495236043?
4
What is the ten millions digit of 6457885560?
5
What is the ten millions digit of 25579251?
2
What is the hundred thousands digit of 82141222?
1
What is the hundred thousands digit of 1480554653?
5
What is the units digit of 2025569219?
9
What is the millions digit of 92599500?
2
What is the tens digit of 1762739136?
3
What is the hundreds digit of 419723265?
2
What is the tens digit of 91929961?
6
What is the millions digit of 6546939304?
6
What is the ten millions digit of 596943653?
9
What is the millions digit of 10406293?
0
What is the hundred millions digit of 519134119?
5
What is the hundred thousands digit of 550079941?
0
What is the ten millions digit of 95623392?
9
What is the hundreds digit of 37473665?
6
What is the ten thousands digit of 157320988?
2
What is the hundred millions digit of 102540065?
1
What is the ten thousands digit of 49915789?
1
What is the units digit of 93731753?
3
What is the ten thousands digit of 200224489?
2
What is the billions digit of 6893545984?
6
What is the hundred millions digit of 1022996624?
0
What is the tens digit of 5007145?
4
What is the thousands digit of 1425791037?
1
What is the billions digit of 2110771618?
2
What is the hundreds digit of 40931031?
0
What is the units digit of 177063380?
0
What is the tens digit of 42088747?
4
What is the units digit of 37919636?
6
What is the thousands digit of 334652437?
2
What is the hundred thousands digit of 70212460?
2
What is the thousands digit of 3283531819?
1
What is the ten thousands digit of 43615718?
1
What is the hundreds digit of 292008067?
0
What is the ten thousands digit of 7717977?
1
What is the tens digit of 335284033?
3
What is the ten thousands digit of 389330098?
3
What is the hundreds digit of 6630874?
8
What is the ten thousands digit of 307582121?
8
What is the ten thousands digit of 956177696?
7
What is the ten thousands digit of 5919991347?
9
What is the millions digit of 22272513?
2
What is the millions digit of 7138580?
7
What is the hundreds digit of 1073211291?
2
What is the ten millions digit of 1435931525?
3
What is the thousands digit of 2233653795?
3
What is the tens digit